 (base 14) in base 11?
10a03
What is -19b (base 15) in base 6?
-1415
Convert -12194 (base 13) to base 2.
-1000000111011101
What is -60 (base 14) in base 7?
-150
What is -236d (base 14) in base 15?
-1c68
What is -5163 (base 9) in base 16?
-ec7
Convert -435 (base 14) to base 4.
-30333
What is 10698 (base 13) in base 8?
72004
What is 350 (base 6) in base 4?
2022
What is -1116 (base 9) in base 10?
-825
What is -5137 (base 9) in base 11?
-2909
Convert 3bb (base 13) to base 5.
10121
What is -20221 (base 3) in base 5?
-1222
Convert -1012 (base 5) to base 2.
-10000100
Convert -10715 (base 9) to base 3.
-100210112
Convert 5001 (base 12) to base 2.
10000111000001
What is -54b (base 12) in base 3?
-1001212
Convert 2132 (base 5) to base 8.
444
bf (base 16) to base 14
d9
Convert -19 (base 11) to base 2.
-10100
9930 (base 15) to base 5
2014240
What is -111101012 (base 3) in base 5?
-303002
Convert 3cf (base 16) to base 5.
12400
Convert c81 (base 15) to base 8.
5405
Convert 46352 (base 8) to base 14.
7266
What is 10122112 (base 3) in base 8?
5144
What is -221121 (base 3) in base 15?
-311
Convert 422 (base 9) to base 3.
110202
124136 (base 7) to base 12
11415
What is -1465 (base 7) in base 10?
-586
3012 (base 4) to base 7
402
Convert 448 (base 10) to base 8.
700
-585 (base 15) to base 14
-654
2111010 (base 3) to base 16
714
597 (base 14) to base 6
5053
What is 386 (base 15) in base 16?
321
-111010010001 (base 2) to base 6
-25133
Convert -100010100 (base 2) to base 9.
-336
-2434 (base 6) to base 3
-211011
Convert -2773 (base 11) to base 8.
-7005
What is 5a4c (base 15) in base 14?
6dd3
361 (base 7) to base 10
190
Convert -67572 (base 9) to base 10.
-44939
What is 413 (base 6) in base 3?
12200
10098 (base 10) to base 11
7650
Convert 2350 (base 7) to base 5.
11433
What is -2884 (base 12) in base 7?
-16504
-122462 (base 7) to base 6
-252155
Convert -eb0 (base 15) to base 10.
-3315
db3 (base 16) to base 4
312303
11000011000 (base 2) to base 14
7d6
-843 (base 13) to base 6
-10303
-3887 (base 9) to base 12
-182a
What is -201202 (base 3) in base 8?
-1025
What is -210401 (base 6) in base 10?
-16993
Convert 5265 (base 7) to base 12.
10b0
Convert 22012211 (base 4) to base 9.
62678
-3330 (base 5) to base 14
-253
-313011 (base 4) to base 10
-3525
What is 1b7 (base 14) in base 11?
2a5
-202 (base 12) to base 3
-101202
What is -46400 (base 7) in base 10?
-11858
Convert 13113 (base 5) to base 14.
53b
-368 (base 13) to base 3
-210222
-506 (base 7) to base 3
-100022
Convert 1204 (base 5) to base 13.
10a
What is 1284 (base 13) in base 15?
bb3
What is -547 (base 10) in base 11?
-458
Convert b11 (base 12) to base 4.
120331
What is 365 (base 12) in base 15?
23e
What is 5600 (base 15) in base 7?
104064
Convert 6246 (base 7) to base 5.
32230
What is 2007 (base 14) in base 2?
1010101110111
-176 (base 14) to base 5
-2200
-108 (base 9) to base 10
-89
1683 (base 10) to base 9
2270
Convert -1252 (base 11) to base 5.
-23010
30313 (base 4) to base 8
1467
Convert 19583 (base 13) to base 11.
34036
Convert -1373 (base 8) to base 16.
-2fb
What is -1080 (base 12) in base 6?
-12240
Convert -250 (base 7) to base 5.
-1013
Convert 2222110111 (base 3) to base 9.
88414
-4746 (base 10) to base 3
-20111210
What is 7673 (base 10) in base 16?
1df9
What is 11011 (base 5) in base 15?
356
What is 20250 (base 8) in base 2?
10000010101000
What is -9364 (base 10) in base 12?
-5504
Convert 1ba1 (base 14) to base 10.
5041
Convert -4726 (base 10) to base 7.
-16531
Convert 5437 (base 14) to base 9.
21860
Convert 20066 (base 9) to base 7.
53301
Convert 6870 (base 12) to base 14.
432c
3252 (base 8) to base 16
6aa
What is -20136 (base 8) in base 6?
-102210
Convert -20000 (base 8) to base 14.
-2db2
-93 (base 14) to base 13
-9c
Convert 2c1 (base 15) to base 4.
21313
-12353 (base 8) to base 7
-21420
-205 (base 10) to base 12
-151
Convert -14997 (base 10) to base 13.
-6a98
3400 (base 5) to base 6
2111
What is -1551 (base 10) in base 13?
-924
What is -429 (base 11) in base 5?
-4030
3a0a (base 15) to base 14
4729
Convert -356 (base 15) to base 2.
-1011110100
Convert -6621 (base 10) to base 14.
-25ad
-a19 (base 13) to base 9
-2312
Convert 2011 (base 3) to base 12.
4a
-234 (base 8) to base 13
-c0
What is -25402 (base 8) in base 16?
-2b02
What is 56080 (base 9) in base 7?
213414
-4064 (base 15) to base 10
-13594
-3612 (base 11) to base 12
-28a4
What is -4093 (base 11) in base 13?
-2615
What is 444 (base 7) in base 15?
103
Convert -b28 (base 15) to base 16.
-9d1
Convert -5498 (base 11) to base 6.
-53314
Convert -304044 (base 5) to base 4.
-2122223
Convert 2066 (base 16) to base 8.
20146
What is 6b54 (base 13) in base 16?
3b06
Convert -1671 (base 8) to base 16.
-3b9
Convert 517 (base 8) to base 7.
656
What is -10220212 (base 3) in base 5?
-42413
What is 1101001111011000 (base 2) in base 4?
31033120
Convert -99 (base 12) to base 6.
-313
379 (base 12) to base 13
315
What is -438 (base 14) in base 12?
-596
-3520 (base 13) to base 15
-2327
Convert 2063 (base 9) to base 16.
5eb
-1040 (base 15) to base 5
-102220
-1101100 (base 4) to base 3
-21010121
What is -17065 (base 8) in base 12?
-4585
1000011001111100 (base 2) to base 14
c792
Convert -370 (base 10) to base 9.
-451
What is 11210302 (base 4) in base 14?
8470
17272 (base 8) to base 12
4676
What is 1232 (base 8) in base 9?
820
11312 (base 5) to base 15
3a7
Convert -35521 (base 6) to base 10.
-5161
Convert -1000212 (base 3) to base 7.
-2123
1cd (base 16) to base 13
296
144101 (base 7) to base 6
332505
What is 2493 (base 11) in base 10?
3248
-8188 (base 9) to base 5
-142433
What is 1021025 (base 6) in base 8?
140511
Convert -101101 (base 2) to base 13.
-36
-32a3 (base 12) to base 5
-134340
-2152 (base 10) to base 2
-100001101000
What is -607 (base 8) in base 7?
-1066
What is -10 (base 8) in base 14?
-8
What is -1412 (base 16) in base 4?
-1100102
Convert 2d21 (base 14) to base 3.
102001201
What is 6b88 (base 14) in base 12?
aa18
What is 10210201 (base 3) in base 11?
20a1
What is 312 (base 13) in base 4?
20022
Convert -19ab4 (base 12) to base 5.
-2202424
What is 8489 (base 14) in base 12?
11289
-a551 (base 16) to base 2
-1010010101010001
What is 504 (base 6) in base 8?
270
What is 30202 (base 4) in base 5?
11202
What is 3866 (base 9) in base 3?
10222020
Convert -26bb (base 13) to base 14.
-2054
10001001110 (base 2) to base 7
3133
What is 6819 (base 11) in base 16?
230e
What is -22422 (base 8) in base 15?
-2c2a
1222011202 (base 3) to base 11
27141
What is 1878 (base 10) in base 15?
853
What is -2adc (base 16) in base 3?
-120001101
What is 8713 (base 12) in base 10?
14847
Convert -602 (base 9) to base 7.
-1265
-a29 (base 13) to base 14
-8b3
Convert 1111 (base 5) to base 15.
a6
Convert -b2aa (base 12) to base 7.
-110431
Convert 10112 (base 3) to base 14.
6b
2556 (base 8) to base 10
1390
21 (base 4) to base 12
9
Convert 1638d (base 14) to base 7.
321036
Convert -220201 (base 3) to base 2.
-1010011011
22463 (base 8) to base 6
112031
-5025 (base 9) to base 12
-2158
-14140 (base 5) to base 2
-10010010010
Convert -1703 (base 8) to base 4.
-33003
What is 102111210 (base 3) in base 16?
20c7
329 (base 12) to base 6
2053
17d (base 15) to base 5
2333
-2121212 (base 4) to base 11
-7427
What is 35010 (base 8) in base 16?
3a08
-836 (base 11) to base 16
-3ef
646c (base 16) to base 11
18351
Convert -741 (base 8) to base 7.
-1255
Convert -609c (base 13) to base 3.
-200021000
Convert -1210222020 (base 3) to base 16.
-8b74
Convert -449 (base 13) to base 3.
-1000022
What is 30232 (base 6) in base 5?
111410
What is 10110011101 (base 2) in base 3?
1222020
-133b4 (base 13) to base 3
-1211010011
Convert -23032 (base 5) to base 14.
-854
What is -748 (base 16) in base 4?
-131020
56 (base 13) to base 16
47
What is -1764 (base 13) in base 5?
-102322
-1265 (base 11) to base 10
-1644
-43447 (base 11) to base 14
-18dc8
Convert -6075 (base 8) to base 15.
-ddd
What is -24252 (base 8) in base 13?
-497a
-3d4 (base 16) to base 13
-5a5
-5969 (base 10) to base 13
-2942
336 (base 15) to base 14
39c
What is -2004 (base 5) in base 7?
-512
What is 3056 (base 12) in base 16?
1482
-3267 (base 8) to base 5
-23334
What is -357 (base 10) in base 5?
-2412
Convert def3 (base 16) to base 13.
1cc95
What is -122300 (base 4) in base 3?
